 what is -9c + 7538?
747a
In base 5, what is 2101 + -12230?
-10124
In base 9, what is -81256 + -1?
-81257
In base 5, what is -14 - -33132?
33113
In base 3, what is -20 - -1100010011?
1100002221
In base 5, what is 3 - -222423223?
222423231
In base 16, what is -1b + -4e2f?
-4e4a
In base 9, what is -4 - 231250?
-231254
In base 4, what is -1133 - 2331001?
-2332200
In base 11, what is 0 - 851a2?
-851a2
In base 15, what is -175 + -16?
-18b
In base 5, what is 222003110 - -10?
222003120
In base 4, what is -1112331 - 12311?
-1131302
In base 8, what is 5 - -45265?
45272
In base 3, what is 1111 + 1220222112?
1221001000
In base 8, what is -1540442 - -3?
-1540437
In base 12, what is 0 - 619084?
-619084
In base 6, what is 13 + -131410?
-131353
In base 6, what is 142231 + -5?
142222
In base 10, what is 13 - -5825?
5838
In base 11, what is 6596 + 2?
6598
In base 7, what is -142142 + -22?
-142164
In base 6, what is -14221 + -2?
-14223
In base 2, what is 10100110001100001 - 101?
10100110001011100
In base 12, what is 6398 - 19?
637b
In base 11, what is -9145 + 28?
-9118
In base 15, what is -ca96 - 1?
-ca97
In base 2, what is 101 + -10111110111011010?
-10111110111010101
In base 2, what is 1010101 + 100011101001?
100100111110
In base 10, what is 27217 + -5?
27212
In base 6, what is -115403 + 3?
-115400
In base 8, what is -342 - 16240?
-16602
In base 16, what is 1 + -3c27?
-3c26
In base 14, what is c70a - 27?
c6c3
In base 5, what is 32230304 + -3?
32230301
In base 6, what is 122134034 + -1?
122134033
In base 6, what is 203244 + -401?
202443
In base 6, what is 31345100 - 2?
31345054
In base 4, what is 301 - 3223011?
-3222110
In base 4, what is -1121000010 - 20?
-1121000030
In base 5, what is 1404420 - 10?
1404410
In base 9, what is 43 - 7582?
-7538
In base 8, what is -5 + -724003?
-724010
In base 16, what is 1d + 68f7?
6914
In base 9, what is -686435 + -2?
-686437
In base 7, what is 5 + 605516?
605524
In base 8, what is -2 - 70331?
-70333
In base 4, what is -1133131 - 1320?
-1201111
In base 6, what is -51 + 5214?
5123
In base 3, what is -2 - 11201200?
-11201202
In base 9, what is 5 - 1402381?
-1402375
In base 2, what is -111001011 + -10100?
-111011111
In base 13, what is 0 - 3394?
-3394
In base 9, what is -26060 + -14?
-26074
In base 11, what is 139 + -4323?
-4195
In base 11, what is 155 - -10575?
1071a
In base 4, what is 2302 - 222202?
-213300
In base 14, what is 18 - 31a0?
-3186
In base 6, what is -3411 - -450?
-2521
In base 10, what is -20 + 111562?
111542
In base 13, what is -8ab + 20?
-88b
In base 8, what is -507 + -170?
-677
In base 4, what is 13 + -33111?
-33032
In base 11, what is 70 + -183a?
-177a
In base 7, what is 11560 - -124?
12014
In base 7, what is 13532 + -25?
13504
In base 15, what is -c0b - -38?
-bc3
In base 8, what is 4 - 60060?
-60054
In base 10, what is 6243 - 46?
6197
In base 10, what is -5366 + 8?
-5358
In base 2, what is 10 - -111010110010001000?
111010110010001010
In base 9, what is -688151 + -1?
-688152
In base 12, what is 0 + -14b05?
-14b05
In base 4, what is 301331 - 232?
301033
In base 14, what is bc55 + 1?
bc56
In base 5, what is -10 + -1024311?
-1024321
In base 5, what is -34233 + -1121?
-40404
In base 7, what is 262512 - 44?
262435
In base 7, what is -242045 + 15?
-242030
In base 16, what is 1 + f65c?
f65d
In base 3, what is 10 - 100121022111?
-100121022101
In base 5, what is 202422 - 10?
202412
In base 14, what is -1d6bb6 + 1?
-1d6bb5
In base 3, what is -2 + 12000112?
12000110
In base 6, what is 5242 - -21?
5303
In base 16, what is -1d - -2e611?
2e5f4
In base 5, what is 21134101 - -4?
21134110
In base 2, what is -110001100110 + 10011?
-110001010011
In base 10, what is 159786 + -1?
159785
In base 5, what is 1020 - 31332?
-30312
In base 11, what is -302 - -4a?
-263
In base 3, what is 11 + 12021012011?
12021012022
In base 10, what is 98708 - 0?
98708
In base 16, what is -1c52 - 35?
-1c87
In base 14, what is c - -16bc6?
16bd4
In base 2, what is -1011011011011000010 - 10000?
-1011011011011010010
In base 12, what is 30 - -242b?
245b
In base 11, what is 612 + 203?
815
In base 16, what is 49 + 2e8e?
2ed7
In base 13, what is 5 + -4b94?
-4b8c
In base 15, what is 0 + 2beb1?
2beb1
In base 11, what is 15219 + -4?
15215
In base 8, what is 2 + 7140?
7142
In base 6, what is -200 + -3424?
-4024
In base 11, what is -1016 + -391?
-13a7
In base 9, what is 524 - -185?
720
In base 9, what is -316128 + 5?
-316123
In base 4, what is -110321 + -223?
-111210
In base 16, what is 2125 + 227?
234c
In base 8, what is 2061732 + -4?
2061726
In base 5, what is -1 - 11144?
-11200
In base 8, what is -601507 + -2?
-601511
In base 6, what is 22532445 + -10?
22532435
In base 5, what is 2001131 + -203?
2000423
In base 14, what is -2 + 44a?
448
In base 6, what is -24211041 + 3?
-24211034
In base 14, what is 3 - 875?
-872
In base 13, what is -3a6 + -859?
-c32
In base 15, what is -cb - -48?
-83
In base 12, what is 16 - 18018?
-18002
In base 2, what is 111010 - -11010000001011?
11010001000101
In base 14, what is -6 + 1305?
12dd
In base 2, what is -11 + -100001011001100110?
-100001011001101001
In base 10, what is -6 + 89212?
89206
In base 11, what is -414 - -17?
-3a8
In base 10, what is -2 + -368182?
-368184
In base 16, what is -4 - -45f56?
45f52
In base 9, what is 0 + 668412?
668412
In base 13, what is 170 - 8b?
b2
In base 8, what is -3 + 377567?
377564
In base 5, what is -1 + 31300?
31244
In base 8, what is -10 + 1717?
1707
In base 9, what is 18 - 53084?
-53065
In base 9, what is 4 + 244716?
244721
In base 14, what is b + 20?
2b
In base 16, what is -12 + -7a99?
-7aab
In base 13, what is -5 + 56681?
56679
In base 10, what is -138 + 1611?
1473
In base 6, what is -1323 - -21022?
15255
In base 9, what is -272870 + -3?
-272873
In base 8, what is 174476 + 12?
174510
In base 7, what is 12 + -142064?
-142052
In base 10, what is 617 - -2414?
3031
In base 3, what is -101211 + -1020100211?
-1020202122
In base 4, what is -2 - -3033033?
3033031
In base 14, what is -310 + -a8?
-3b8
In base 3, what is 221201 + -120202?
100222
In base 4, what is 31011200 + -11?
31011123
In base 9, what is -13 - -66548?
66535
In base 16, what is 11 + 16dcf?
16de0
In base 13, what is 11 - 5ca37?
-5ca26
In base 5, what is -11301 - -3431?
-2320
In base 14, what is 1 - -260adb?
260adc
In base 11, what is -55 + 5a1?
547
In base 6, what is 4022 - 330?
3252
In base 9, what is 12 + -533?
-521
In base 4, what is -1 - -23212221?
23212220
In base 15, what is 17b2a - 8?
17b22
In base 6, what is -1205 + 122332?
121123
In base 16, what is -2a2 - -2006?
1d64
In base 14, what is 4 + -54a49?
-54a45
In base 9, what is -1186 + 321?
-765
In base 14, what is 6cb - c3?
608
In base 11, what is 5 + 2a4099?
2a40a3
In base 16, what is -64 - -11c?
b8
In base 12, what is -8b51 + 1?
-8b50
In base 7, what is 1454410 + 1?
1454411
In base 3, what is 2101020210 - -10211?
2101101121
In base 11, what is -4 - 5505?
-5509
In base 3, what is 12 - -121221102111?
121221102200
In base 9, what is 33 + -1078?
-1045
In base 8, what is 6 - 14432?
-14424
In base 15, what is 3 + 3a910?
3a913
In base 9, what is 24 - -1168?
1203
In base 5, what is 11 + -11241130?
-11241114
In base 14, what is -17162b + 5?
-171626
In base 15, what is 0 - -10741?
10741
In base 14, what is d - -275?
284
In base 8, what is 1 - -2521?
2522
In base 13, what is -23b11 - 0?
-23b11
In base 9, what is -40 + 742?
702
In base 13, what is 956 + 73?
9c9
In base 13, what is -72 + -892?
-934
In base 13, what is 15b + -6a06?
-6878
In base 12, what is -12 - 1089?
-109b
In base 16, what is -5 - 7aca?
-7acf
In base 9, what is -6 - -1067?
1061
In base 3, what is 100 - -1210220?
1211020
In base 9, what is -64 + -160?
-234
In base 6, what is 3230240 - 1?
3230235
In base 15, what is 321331 + -3?
32132d
In base 10, what is 231795 - -5?
231800
In base 8, what is -4652 + 436?
-4214
In base 16, what is -36 + -96?
-cc
In base 13, what is -76b6 + -37?
-7720
In base 11, what is -95051 - -7?
-95045
In base 4, what is 133 - -13202?
20001
In base 8, what is -65017 - -20?
-64777
In base 16, what is 6e2e7 + -3?
6e2e4
In base 7, what is -10414 - 1205?
-11622
In base 4, what is -10 + -1222201?
-1222211
In base 2, what is 10 - 100011000000011001?
-100011000000010111
In base 6, what is -24132 - -110?
-24022